pose -2*b = -4*b + 8. Suppose 0 = -b*d - h + 18. Calculate the greatest common divisor of 2 and d.
2
Suppose 2*l - 9 = 15. Let v(s) = 103*s - 1. Let w be v(1). Suppose -3*r + 3*f + w = 0, 3*r + 48 = 5*r + 3*f. Calculate the highest common factor of l and r.
6
Suppose -4*b = 5*s - 91, -s = -5*b - 13 - 11. Suppose 5*z - z = 380. Calculate the highest common factor of z and s.
19
Let a(q) = 3*q**2 - 9*q + 2. Let x(l) = -l**2 - l + 1. Let o(y) = a(y) + 4*x(y). Let n be o(-12). Calculate the highest common factor of 90 and n.
18
Let f = -22 + 37. Suppose -4*k + w = -3*w - 60, -2*w = 2*k - 30. Calculate the highest common factor of k and f.
15
Suppose -5*r + 700 = -2*r - 5*w, r + w - 220 = 0. Let u = -99 + r. What is the highest common divisor of 14 and u?
14
Let q be (-840)/(-18) - (-4)/3. What is the highest common factor of q and 36?
12
Suppose 4*k = k + 18. Let q = -7 + 11. Suppose -g + q*x + 20 = g, 14 = 5*g + 2*x. Calculate the highest common factor of g and k.
2
Let j = 16 - -1. What is the highest common divisor of 17 and j?
17
Let l(t) = -t**3 - 11*t**2 + 16. Let c be l(-11). What is the greatest common divisor of c and 32?
16
Suppose -117 = 13*m - 22*m. What is the highest common divisor of 26 and m?
13
Let o(g) = g**3 + 8*g**2 + 6*g + 2. Let d be o(-7). What is the greatest common factor of 72 and d?
9
Suppose -w + 3*w = 28. Calculate the highest common divisor of 126 and w.
14
Let z be 18 + -3 + 1 + 1. Calculate the highest common factor of 102 and z.
17
Suppose -4*r + 2*r = -22. What is the greatest common factor of 121 and r?
11
Let w be 30 - (-2)/(-4)*0. Let l = 106 - 100. Calculate the greatest common factor of w and l.
6
Let h(g) = g + 7. Let c be h(-12). Let q(p) = -4*p + 7. Let k be q(c). What is the highest common factor of 9 and k?
9
Suppose -h + 6 = h. Suppose -8 = 5*g - 18. Let s be g/h + 403/3. Calculate the greatest common divisor of s and 15.
15
Let j be (36/(-42))/((-1)/(-7)). Let p = j + 10. Let r(b) = -b**3 - b**2 + 2*b + 2. Let u be r(-2). Calculate the highest common divisor of p and u.
2
Suppose 5*f = 18 - 8. Let k(g) = -5 + 6 - g**f - 8*g - 3. Let p be k(-7). What is the highest common factor of p and 20?
5
Suppose 5*b = 4*t - 127, -5*t = -3*b - 27 - 148. What is the greatest common divisor of t and 95?
19
Let o(q) = 8*q**2 - 1. Suppose 4*c - 9 = s, -2*c - s - 4*s - 23 = 0. Let h be o(c). What is the greatest common divisor of 56 and h?
7
Let c(p) = -p**3 + 3*p**2 + 5*p - 9. Let k be c(-3). Calculate the highest common divisor of k and 75.
15
Let n = 11 - 8. Let w be 3 - 4/6*n. Calculate the greatest common factor of w and 1.
1
Suppose 5*g = 20, -28 = -4*t + 5*g - g. Suppose 1 = 2*j - t. Calculate the greatest common factor of 2 and j.
2
Suppose -2*u = -2*z - 312, 5*u + 169 - 1 = -z. Let i = -102 - z. Calculate the greatest common divisor of i and 8.
8
Let h be 114/9 - 4/6. Let p(i) = -i - 3. Let j be p(0). Let l = 11 + j. What is the greatest common factor of h and l?
4
Let k = 239 + -170. Suppose 5*r - 209 = 21. What is the greatest common factor of r and k?
23
Let j be -2 + -2 - (-54 - 6). Let t be 3/(6/(-2)) - 3. Let l = 11 + t. Calculate the greatest common factor of j and l.
7
Let o(f) = 20*f**2 + f + 2. Let b be o(-2). What is the highest common divisor of 10 and b?
10
Suppose -5*u = -3*u - 10. Let o(l) = l + 25. Let j be o(0). What is the highest common factor of u and j?
5
Suppose 0 = -6*n + 90 - 30. Calculate the greatest common divisor of n and 90.
10
Suppose 4*c = 5*t + 102, -t - 8 + 38 = c. What is the highest common factor of 7 and c?
7
Let j = -3 - -6. Suppose 0 = -4*v + 4, -j*x + 4*v = -154 - 4. Let k be (-6)/(4/(3 - 7)). What is the greatest common factor of x and k?
6
Suppose 7*l - 3*l - 216 = 0. Calculate the highest common divisor of 36 and l.
18
Let r(f) = f**3 - 5*f**2 - 5*f - 4. Let x be r(6). What is the greatest common divisor of 18 and x?
2
Let j = 32 + -24. Suppose -3*l - 247 = -4*u, 2*u - 2*l = 91 + 35. Let g = u - -14. Calculate the highest common factor of j and g.
8
Let h(q) = -q**3 + q**2 + q + 27. Suppose -3*y + 4*y = 0. Let p be h(y). What is the highest common factor of 9 and p?
9
Suppose -50 = -g - 0*g. Let v be (65/3)/(-5)*-3. Let q = v + -3. What is the highest common divisor of g and q?
10
Suppose 3*x = 7*x. Suppose a + 2*h - 18 = -a, x = -5*a + 2*h + 31. Let w = 1 + a. What is the greatest common factor of 8 and w?
8
Let r(f) = f**2 - 6*f + 3. Let c be r(5). Let l(o) = -3*o - 2. Let i be l(c). Suppose 2*y - i*y = -16. Calculate the greatest common factor of 20 and y.
4
Let t(w) be the first derivative of w**3/3 - w**2 - w + 1. Let g be t(-1). Suppose -2*m - g*m = -20. What is the greatest common factor of 1 and m?
1
Let l(c) = -c**3 + 1 + 11*c**2 - 3*c - 7*c**2 + 4*c. Let f be l(3). Calculate the greatest common divisor of 39 and f.
13
Let c be ((-2)/(-5))/((-1)/(-130)). Calculate the greatest common factor of c and 130.
26
Let d(p) = -2*p - 6. Let j be d(-4). Suppose 5*h + 2 + 21 = y, -92 = -5*y + j*h. Calculate the highest common divisor of 126 and y.
18
Suppose 0 = -j - 3*q + 263, 1348 = 17*j - 12*j + 4*q. Calculate the greatest common divisor of 17 and j.
17
Let s(x) = -x**3 + 3*x**2 + 4*x - 1. Let j be s(-4). What is the greatest common factor of 19 and j?
19
Let v(j) = j**3 + j**2 + j + 10. Let z be v(0). Let a be (-4)/(4/221) + -1. Let y = 332 + a. Calculate the greatest common factor of y and z.
10
Let q be 130/(-14) + (-18)/(-63). Suppose -4 = -2*m + 2. Let l be m/((q/40)/(-3)). Calculate the highest common factor of l and 8.
8
Let m be ((-2)/3)/(20/30) - -136. Calculate the greatest common factor of m and 27.
27
Let o be 6/(3 - (-906)/(-303)). Suppose 0*n - 4*w = n - 134, 4*n + 2*w - o = 0. Calculate the highest common factor of 14 and n.
14
Let w = -24 + 31. Let v be 14/6*3*9. Calculate the greatest common divisor of v and w.
7
Let v = 180 - 33. Suppose 0 = 3*n - 2*o - 57, n + 0*n - 27 = -2*o. What is the highest common factor of v and n?
21
Let a = -23 - -90. Let t(z) = 2*z**2 - 2*z - 2. Let m be t(7). Suppose 5*n + 2 = -5*j + m, 2*j - a = 5*n. Calculate the greatest common factor of j and 7.
7
Let m be ((-17)/((-1)/1))/1. Let c be ((-7)/(-3))/(2/102). Calculate the greatest common divisor of m and c.
17
Let n(a) = 5*a**3 + a**2 - 1. Let o be n(-1). Let j be (14/4)/(o/(-30)). What is the highest common divisor of j and 14?
7
Suppose 2*i = 3*i - 72. What is the highest common factor of i and 8?
8
Let i = -30 + 36. What is the highest common factor of i and 9?
3
Let g = 17 + -10. Calculate the highest common divisor of 7 and g.
7
Suppose -10*u + 205 = -75. What is the highest common divisor of u and 70?
14
Suppose -38*p + 48 = -32*p. Let a(b) = 3*b + 6 + 0*b - 5*b. Let v be a(-5). What is the highest common divisor of p and v?
8
Let d(j) = j**2 - 5*j. Let u be d(6). Let b be (-1)/(-2) + (-42)/(-4). Let y = b - u. What is the greatest common factor of y and 5?
5
Suppose 3*w = 5*f - 261, 0 = 2*f - 0*f + 2*w - 114. Suppose 2*x + 3*x + 35 = 5*p, 5*p - x = 27. Let j = p + 1. Calculate the highest common divisor of f and j.
6
Suppose s + 5*a = 59, 4*s - 2*a - 144 = a. Suppose -6*z + 4*z = 5*g - 12, -16 = -4*g. Let l be (-11)/(-1) - z/2. Calculate the highest common factor of s and l.
13
Let k(w) = w**2 + 6*w - 8. Let a be k(-8). Suppose -2*l - a = 2*l. Let r = 11 + l. Calculate the highest common factor of r and 99.
9
Let p(r) be the second derivative of -r**4/12 + 15*r**2 - r. Let c be p(0). What is the greatest common factor of c and 12?
6
Let n = -89 - -121. Suppose 3*x - 9 = 3. What is the highest common divisor of x and n?
4
Let a be 40/3*24/10. Let d(f) = -2*f**2 + 2*f - 1. Let u be d(1). Let y be (-38)/2*u + -3. Calculate the highest common divisor of y and a.
16
Let m(s) = 2*s + 1. Let j(l) = 9*l**3 - l**2 + 2*l - 1. Let d be j(1). Let k be m(d). Calculate the highest common divisor of k and 171.
19
Let s = 36 - -62. What is the highest common factor of s and 14?
14
Suppose -2*l = -0*l. Suppose -4*w + 4 + 12 = l. Suppose 2*c - w*c = -5*y - 15, 4 = 4*y. Calculate the highest common divisor of 40 and c.
10
Let u = 68 - -67. Suppose -5*d + 86 = 3*w - 81, -2*d - 160 = -3*w. What is the highest common factor of u and w?
27
Suppose 2*c - 3*i = c + 15, -2*i + 14 = 2*c